{"id":96,"date":"2012-09-17T21:56:47","date_gmt":"2012-09-17T19:56:47","guid":{"rendered":"http:\/\/zrenner-wolkenstein.de\/?page_id=96"},"modified":"2012-09-20T10:40:16","modified_gmt":"2012-09-20T08:40:16","slug":"the-studio","status":"publish","type":"page","link":"http:\/\/zrenner-wolkenstein.de\/?page_id=96","title":{"rendered":"Studio"},"content":{"rendered":"<p><a href=\"http:\/\/zrenner-wolkenstein.de\/wp-content\/uploads\/2012\/09\/DSC9490.jpg\"><img decoding=\"async\" loading=\"lazy\" class=\"size-full wp-image-255 alignleft\" title=\"SONY DSC\" src=\"http:\/\/zrenner-wolkenstein.de\/wp-content\/uploads\/2012\/09\/DSC9490.jpg\" alt=\"\" width=\"608\" height=\"143\" srcset=\"http:\/\/zrenner-wolkenstein.de\/wp-content\/uploads\/2012\/09\/DSC9490.jpg 608w, http:\/\/zrenner-wolkenstein.de\/wp-content\/uploads\/2012\/09\/DSC9490-300x70.jpg 300w\" sizes=\"(max-width: 608px) 100vw, 608px\" \/><\/a><\/p>\n<p>Das Loft-Studio befindet sich in Regensburg in einem alten Industriegeb\u00e4ude im I.Stock und bietet neben einem Aufenthaltsraum mit K\u00fcche, Toiletten\/Bad\/Schminkbereich einen grossen Tageslicht-Studioraum mit ca. 50qm und 4 Meter lichter H\u00f6he. Das Studio ist zu 100% abdunkelbar und somit zu jeder Tageszeit nutzbar.<\/p>\n<p>Ein 4 Meter &#8211; Hintergrundsystem mit diversen Tetenal-Rollen erm\u00f6glichen einen schnellen Wechsel des Bildambientes.<a href=\"http:\/\/zrenner-wolkenstein.de\/wp-content\/uploads\/2012\/09\/DSC95001.jpg\"><img decoding=\"async\" loading=\"lazy\" class=\"alignleft size-full wp-image-260\" title=\"SONY DSC\" src=\"http:\/\/zrenner-wolkenstein.de\/wp-content\/uploads\/2012\/09\/DSC95001.jpg\" alt=\"\" width=\"608\" height=\"143\" srcset=\"http:\/\/zrenner-wolkenstein.de\/wp-content\/uploads\/2012\/09\/DSC95001.jpg 608w, http:\/\/zrenner-wolkenstein.de\/wp-content\/uploads\/2012\/09\/DSC95001-300x70.jpg 300w\" sizes=\"(max-width: 608px) 100vw, 608px\" \/><\/a><\/p>\n<p>Als Blitzanlage stehen 7 Blitzk\u00f6pfe von 100Ws bi zu 800Ws zur Verf\u00fcgung. Diverse Lichtformer, Spots, Octagon, Strip-lights, Beauty-dishes etc. erm\u00f6glichen diverse Beleuchtungsvarianten.<\/p>\n<p>Im Rahmen des Tethered-Shootings k\u00f6nnen alle Bilder sofort unmittelbar nach der Aufnahme auf einem Monitor begutachtet werden.<a href=\"http:\/\/zrenner-wolkenstein.de\/wp-content\/uploads\/2012\/09\/DSC9479.jpg\"><img decoding=\"async\" loading=\"lazy\" class=\"alignleft size-full wp-image-262\" title=\"SONY DSC\" src=\"http:\/\/zrenner-wolkenstein.de\/wp-content\/uploads\/2012\/09\/DSC9479.jpg\" alt=\"\" width=\"608\" height=\"143\" srcset=\"http:\/\/zrenner-wolkenstein.de\/wp-content\/uploads\/2012\/09\/DSC9479.jpg 608w, http:\/\/zrenner-wolkenstein.de\/wp-content\/uploads\/2012\/09\/DSC9479-300x70.jpg 300w\" sizes=\"(max-width: 608px) 100vw, 608px\" \/><\/a><\/p>\n<p>Die Bildbearbeitung erfolgt auf Apple-Computern mit eingemessenen farbechten Monitoren.<\/p>\n<p>Als Kamera nutze ich meistens eine SONY-Vollformat ALPHA900 mit 24Mpixel mit SONY G-Objektiven.<\/p>\n<p>Optional arbeite ich mit verschiedenen erfahrenen Hair-Stylisten und Visagistinnen zusammen, die \u00fcber mich gebucht werden k\u00f6nnen.<a href=\"http:\/\/zrenner-wolkenstein.de\/wp-content\/uploads\/2012\/09\/DSC9513.jpg\"><img decoding=\"async\" loading=\"lazy\" class=\"alignleft size-full wp-image-264\" title=\"SONY DSC\" src=\"http:\/\/zrenner-wolkenstein.de\/wp-content\/uploads\/2012\/09\/DSC9513.jpg\" alt=\"\" width=\"608\" height=\"143\" srcset=\"http:\/\/zrenner-wolkenstein.de\/wp-content\/uploads\/2012\/09\/DSC9513.jpg 608w, http:\/\/zrenner-wolkenstein.de\/wp-content\/uploads\/2012\/09\/DSC9513-300x70.jpg 300w\" sizes=\"(max-width: 608px) 100vw, 608px\" \/><\/a><\/p>\n<p>&nbsp;<\/p>\n<p>&nbsp;<\/p>\n","protected":false},"excerpt":{"rendered":"<p>Das Loft-Studio befindet sich in Regensburg in einem alten Industriegeb\u00e4ude im I.Stock und bietet neben einem Aufenthaltsraum mit K\u00fcche, Toiletten\/Bad\/Schminkbereich einen grossen Tageslicht-Studioraum mit ca. 50qm und 4 Meter lichter H\u00f6he. Das Studio ist zu 100% abdunkelbar und somit zu jeder Tageszeit nutzbar. Ein 4 Meter &#8211; Hintergrundsystem mit diversen Tetenal-Rollen erm\u00f6glichen einen schnellen Wechsel [&hellip;]<\/p>\n","protected":false},"author":1,"featured_media":0,"parent":22,"menu_order":0,"comment_status":"open","ping_status":"open","template":"","meta":[],"_links":{"self":[{"href":"http:\/\/zrenner-wolkenstein.de\/index.php?rest_route=\/wp\/v2\/pages\/96"}],"collection":[{"href":"http:\/\/zrenner-wolkenstein.de\/index.php?rest_route=\/wp\/v2\/pages"}],"about":[{"href":"http:\/\/zrenner-wolkenstein.de\/index.php?rest_route=\/wp\/v2\/types\/page"}],"author":[{"embeddable":true,"href":"http:\/\/zrenner-wolkenstein.de\/index.php?rest_route=\/wp\/v2\/users\/1"}],"replies":[{"embeddable":true,"href":"http:\/\/zrenner-wolkenstein.de\/index.php?rest_route=%2Fwp%2Fv2%2Fcomments&post=96"}],"version-history":[{"count":14,"href":"http:\/\/zrenner-wolkenstein.de\/index.php?rest_route=\/wp\/v2\/pages\/96\/revisions"}],"predecessor-version":[{"id":239,"href":"http:\/\/zrenner-wolkenstein.de\/index.php?rest_route=\/wp\/v2\/pages\/96\/revisions\/239"}],"up":[{"embeddable":true,"href":"http:\/\/zrenner-wolkenstein.de\/index.php?rest_route=\/wp\/v2\/pages\/22"}],"wp:attachment":[{"href":"http:\/\/zrenner-wolkenstein.de\/index.php?rest_route=%2Fwp%2Fv2%2Fmedia&parent=96"}],"curies":[{"name":"wp","href":"https:\/\/api.w.org\/{rel}","templated":true}]}}